te the remainder when 1278 is divided by 20.
18
What is the remainder when 347 is divided by 27?
23
What is the remainder when 1906 is divided by 316?
10
What is the remainder when 660 is divided by 540?
120
What is the remainder when 86 is divided by 35?
16
What is the remainder when 214 is divided by 37?
29
What is the remainder when 7429 is divided by 8?
5
What is the remainder when 1802 is divided by 227?
213
What is the remainder when 192 is divided by 30?
12
What is the remainder when 800 is divided by 381?
38
Calculate the remainder when 338 is divided by 232.
106
What is the remainder when 316 is divided by 111?
94
What is the remainder when 180 is divided by 109?
71
What is the remainder when 188 is divided by 64?
60
Calculate the remainder when 73 is divided by 40.
33
What is the remainder when 133 is divided by 8?
5
What is the remainder when 101 is divided by 38?
25
Calculate the remainder when 215 is divided by 100.
15
What is the remainder when 106 is divided by 41?
24
Calculate the remainder when 1596 is divided by 122.
10
Calculate the remainder when 1814 is divided by 17.
12
What is the remainder when 242 is divided by 64?
50
What is the remainder when 288 is divided by 49?
43
Calculate the remainder when 47 is divided by 23.
1
Calculate the remainder when 1412 is divided by 13.
8
Calculate the remainder when 173 is divided by 44.
41
What is the remainder when 20 is divided by 8?
4
What is the remainder when 277 is divided by 135?
7
Calculate the remainder when 175 is divided by 45.
40
Calculate the remainder when 1068 is divided by 67.
63
Calculate the remainder when 389 is divided by 14.
11
What is the remainder when 10848 is divided by 62?
60
Calculate the remainder when 120 is divided by 51.
18
Calculate the remainder when 48 is divided by 9.
3
Calculate the remainder when 291 is divided by 124.
43
What is the remainder when 5939 is divided by 108?
107
Calculate the remainder when 172 is divided by 83.
6
Calculate the remainder when 11765 is divided by 111.
110
What is the remainder when 73 is divided by 13?
8
What is the remainder when 3158 is divided by 20?
18
What is the remainder when 487 is divided by 70?
67
What is the remainder when 4274 is divided by 225?
224
Calculate the remainder when 546 is divided by 61.
58
Calculate the remainder when 44225 is divided by 39.
38
Calculate the remainder when 39 is divided by 5.
4
What is the remainder when 325 is divided by 56?
45
Calculate the remainder when 255 is divided by 20.
15
What is the remainder when 151 is divided by 21?
4
What is the remainder when 705 is divided by 66?
45
Calculate the remainder when 636 is divided by 28.
20
What is the remainder when 550 is divided by 12?
10
What is the remainder when 90 is divided by 14?
6
What is the remainder when 202 is divided by 96?
10
What is the remainder when 1295 is divided by 69?
53
Calculate the remainder when 39 is divided by 4.
3
What is the remainder when 146 is divided by 27?
11
What is the remainder when 114 is divided by 20?
14
What is the remainder when 228 is divided by 36?
12
What is the remainder when 6356 is divided by 212?
208
What is the remainder when 63 is divided by 23?
17
What is the remainder when 678 is divided by 248?
182
Calculate the remainder when 1616 is divided by 54.
50
What is the remainder when 414 is divided by 16?
14
Calculate the remainder when 66 is divided by 55.
11
What is the remainder when 586 is divided by 61?
37
What is the remainder when 141 is divided by 16?
13
What is the remainder when 584 is divided by 17?
6
What is the remainder when 591 is divided by 90?
51
Calculate the remainder when 1048 is divided by 10.
8
Calculate the remainder when 650 is divided by 132.
122
What is the remainder when 1283 is divided by 140?
23
What is the remainder when 62198 is divided by 25?
23
Calculate the remainder when 517 is divided by 65.
62
Calculate the remainder when 50 is divided by 29.
21
Calculate the remainder when 1402 is divided by 12.
10
Calculate the remainder when 169 is divided by 79.
11
What is the remainder when 276 is divided by 72?
60
What is the remainder when 2435 is divided by 163?
153
Calculate the remainder when 93 is divided by 12.
9
What is the remainder when 459 is divided by 152?
3
Calculate the remainder when 278 is divided by 117.
44
Calculate the remainder when 311 is divided by 104.
103
Calculate the remainder when 77 is divided by 64.
13
What is the remainder when 83 is divided by 36?
11
What is the remainder when 53 is divided by 35?
18
Calculate the remainder when 279 is divided by 3.
0
What is the remainder when 135 is divided by 4?
3
What is the remainder when 456 is divided by 239?
217
What is the remainder when 373 is divided by 65?
48
What is the remainder when 9613 is divided by 74?
67
What is the remainder when 69 is divided by 25?
19
Calculate the remainder when 4090 is divided by 294.
268
Calculate the remainder when 199 is divided by 13.
4
What is the remainder when 9383 is divided by 8?
7
What is the remainder when 22 is divided by 13?
9
Calculate the remainder when 3016 is divided by 501.
10
What is the remainder when 2921 is divided by 15?
11
What is the remainder when 118 is divided by 40?
38
Calculate the remainder when 380 is divided by 64.
60
Calculate the remainder when 371 is divided by 93.
92
Calculate the remainder when 4959 is divided by 309.
15
What is the remainder when 439 is divided by 9?
7
What is the remainder when 754 is divided by 18?
16
Calculate the remainder when 488 is divided by 3.
2
Calculate the remainder when 14 is divided by 6.
2
What is the remainder when 141 is divided by 72?
69
Calculate the remainder when 5548 is divided by 31.
30
What is the remainder when 948 is divided by 25?
23
Calculate the remainder when 167 is divided by 43.
38
What is the remainder when 116 is divided by 25?
16
What is the remainder when 115 is divided by 17?
13
What is the remainder when 342 is divided by 12?
6
What is the remainder when 936 is divided by 160?
136
Calculate the remainder when 32 is divided by 5.
2
What is the remainder when 333 is divided by 79?
17
What is the remainder when 159 is divided by 20?
19
Calculate the remainder when 101 is divided by 49.
3
Calculate the remainder when 2686 is divided by 28.
26
Calculate the remainder when 448 is divided by 41.
38
What is the remainder when 305 is divided by 44?
41
What is the remainder when 1370 is divided by 145?
65
What is the remainder when 286 is divided by 86?
28
Calculate the remainder when 9370 is divided by 22.
20
Calculate the remainder when 3848 is divided by 36.
32
Calculate the remainder when 40 is divided by 28.
12
What is the remainder when 682 is divided by 36?
34
Calculate the remainder when 86 is divided by 18.
14
Calculate the remainder when 2413 is divided by 69.
67
Calculate the remainder when 1119 is divided by 557.
5
Calculate the remainder when 20746 is divided by 273.
271
What is the remainder when 166 is divided by 28?
26
What is the remainder when 294 is divided by 74?
72
What is the remainder when 731 is divided by 61?
60
What is the remainder when 149 is divided by 58?
33
What is the remainder when 260 is divided by 82?
14
What is the remainder when 2788 is divided by 279?
277
Calculate the remainder when 344 is divided by 191.
153
Calculate the remainder when 11926 is divided by 284.
282
What is the remainder when 2959 is divided by 1478?
3
What is the remainder when 58 is divided by 25?
8
What is the remainder when 41 is divided by 38?
3
What is the remainder when 334 is divided by 85?
79
What is the remainder when 232 is divided by 2?
0
What is the remainder when 63 is divided by 16?
15
What is the remainder when 283 is divided by 95?
93
What is the remainder when 295 is divided by 34?
23
Calculate the remainder when 773 is divided by 58.
19
What is the remainder when 506 is divided by 31?
10
What is the remainder when 194 is divided by 11?
7
Calculate the remainder when 588 is divided by 66.
60
Calculate the remainder when 5278 is divided by 132.
130
What is the remainder when 358 is divided by 123?
112
Calculate the remainder when 14 is divided by 5.
4
Calculate the remainder when 196 is divided by 40.
36
What is the remainder when 5129 is div